o - 8. Suppose -2*l = 4*r - 92, -84 = -l - l - 2*r. What is the remainder when l is divided by m(6)?
8
Suppose 3*s - 3*u = -6, -5*u + 23 + 7 = 5*s. Suppose 5*t - 5*i - 90 = 0, -3*t = -4*t - 3*i - s. What is the remainder when 38 is divided by t?
12
Let f be -1*2/4*6. Let z(n) = -4*n + 3. Calculate the remainder when 43 is divided by z(f).
13
Let p = 5 - 3. Let l(c) = c + 2*c - 5*c - p*c. Calculate the remainder when l(-2) is divided by 5.
3
Let a = -84 + 99. What is the remainder when 57 is divided by a?
12
Let f be (2/(-4))/(2/16). Suppose 4*r - 13 = -3*c, -3*r = c - 0*r - 6. What is the remainder when (-232)/(-28) - f/(-14) is divided by c?
2
Suppose 3*t = 2*w - 0*w - 325, -319 = -2*w + t. Let z be 2/8 - w/(-8). Let h = z - 9. What is the remainder when h is divided by 4?
3
Suppose 4*p - 60 = -7*b + 4*b, 5*p = -3*b + 75. Let a = 47 - 3. What is the remainder when a is divided by p?
14
Let r = 24 - 21. Calculate the remainder when 10 is divided by r.
1
Let a = -97 - -123. Calculate the remainder when a is divided by 9.
8
Calculate the remainder when 264/7 + (-18)/(-63) is divided by 10.
8
Let c(a) = -a**2 + 3*a + 4. Let j be c(5). Let i = j - -7. Suppose -3 = -n - i. Calculate the remainder when 2 is divided by n.
0
Let a(c) = -9*c - 1. Let d be a(-1). Suppose -3*u + 7*u = -k + 15, -k - 1 = 0. Suppose -u*w = -80 - d. What is the remainder when w is divided by 8?
6
Let s(k) = -k + 5 + k**3 + 2*k**2 + 2*k + 2*k**2 - 1. Let o be s(-4). Suppose o = -5*y + 4*y + 7. What is the remainder when 11 is divided by y?
4
What is the remainder when (-20)/(-6)*(188/8 + -1) is divided by 27?
21
Suppose 20 = 2*u + 2*u. Let j = u - 5. Suppose 4*a - 2*d + j*d = 110, 3*a - 66 = -4*d. Calculate the remainder when a is divided by 14.
12
Let k = 30 + -6. Suppose -105*p + 109*p = 372. What is the remainder when p is divided by k?
21
Let s(g) = -g**3 - 5*g**2 - 2*g + 3. Suppose 0 = -3*f + 2*j + 95, -4*j = -1 - 19. Calculate the remainder when f is divided by s(-5).
9
What is the remainder when 18/12 - 171/(-2) is divided by 22?
21
Let t be 1/2*-6*-1. Let l be (0 + t/(-4))*-8. Suppose l + 9 = 5*z, -2*z - 2 = -2*w. Calculate the remainder when 11 is divided by w.
3
Suppose -2*t = t - 60. Suppose -4*y + 115 = -41. Calculate the remainder when y is divided by t.
19
Suppose -2*u = 4*t - 18, 2*t + t - 9 = 0. Suppose 0 = -u*l + 3*j + 24, -6*l - j = -2*l - 22. What is the remainder when (-66)/(-4)*12/18 is divided by l?
5
Suppose -113*q = -110*q - 120. What is the remainder when 158 is divided by q?
38
Let o = 46 + -21. Calculate the remainder when 99 is divided by o.
24
Let m(t) = 2*t - 6. Let n(a) = a - 5. Let q(r) = -4*r - 2. Let w be q(-2). What is the remainder when m(4) is divided by n(w)?
0
Suppose -5*x = -2*k - 20, 14 = 4*x + k - 3*k. Suppose -q + 25 = -2*g, -3*q = -4*g - g - 71. What is the remainder when q is divided by x?
5
Let t = 3 + -3. Suppose 32 = 2*v - t*v. Calculate the remainder when v is divided by 5.
1
Let n(g) = -7*g**3 + 3*g**2 + 9*g + 5. Let v(o) = 3*o**3 - 2*o**2 - 4*o - 2. Let u(t) = -2*n(t) - 5*v(t). What is the remainder when 22 is divided by u(4)?
6
Let z = 15 - 8. What is the remainder when 26 is divided by z?
5
Suppose -12 = -2*p - 2. Let c(b) = -b + 7. Let g be c(5). Suppose n = 3*n - g*f, 5*n = -5*f + 20. Calculate the remainder when p is divided by n.
1
Let y(l) = 10*l**2 - 4. Let k be y(-4). Suppose -4*w + 432 = -4*x, -4*x + 433 = -8*x + 3*w. Let h = k + x. What is the remainder when h is divided by 16?
15
Suppose -9 = -x + 11. Suppose -5*y - 5*l + 300 = 0, -l + 119 = 6*y - 4*y. What is the remainder when y is divided by x?
19
Let q(m) = -m**2 - 6*m + 12. Calculate the remainder when 16 is divided by q(-7).
1
Let u(h) = -5*h**2 - 4*h - 2. Let g be u(-2). Let w be (-5)/(25/(-230)) - 2/(-2). Let f = w - g. What is the remainder when f is divided by 16?
13
Let x = 77 + -70. Calculate the remainder when 34 is divided by x.
6
Let o(g) = -2*g**2 + 11*g - 3. Let r(f) = f**2 - 5*f + 1. Let l(d) = 3*o(d) + 7*r(d). Calculate the remainder when 51 is divided by l(5).
12
What is the remainder when (-2)/(-10) - 1521/(-45) is divided by 7?
6
Let b be 1 + -1 - (-6 + 0). Let j = 38 + b. Suppose -r + j = 3*r. Calculate the remainder when r is divided by 6.
5
Let m = 1 + -1. Suppose 4 = 4*p - h - 62, -2*p = -h - 32. Let g = p + m. Calculate the remainder when 33 is divided by g.
16
Let g be 7*-1*(-2 + 3). Let d(n) = n**3 + 6*n**2 - 9*n - 7. Calculate the remainder when 13 is divided by d(g).
6
Calculate the remainder when 33 is divided by 2 - -1 - (-8 + 4).
5
Let k = -114 - -121. Let o = -20 + 46. Calculate the remainder when o is divided by k.
5
Let r be (-2)/(-14) + (-2222)/(-77). Suppose -5*c + r = 4. Calculate the remainder when c is divided by 4.
1
Let q(l) = 2*l**3 + l**2 + 5*l + 4. What is the remainder when q(3) is divided by 17?
14
Let r be 1 - (-5)/((-5)/(-2)). Suppose -p + r*p - 12 = 0. Suppose -4*v + 2*x = p*x - 56, -4*v - 5*x = -55. What is the remainder when v is divided by 8?
7
Let q be (6/4)/(4/24). Calculate the remainder when 19 is divided by (-3)/(q/6) - -12.
9
Let t(v) = v**2 - 7*v + 4. Let u be t(5). Let y(i) = i**3 + 7*i**2 + 2*i - 7. Let j = -15 - -21. What is the remainder when y(u) is divided by j?
5
Let y(o) = o**2 + 2*o + 8. What is the remainder when y(-4) is divided by 10?
6
Let f(u) = 2*u - 8. Calculate the remainder when 11 is divided by f(6).
3
Let b = 26 + 1. What is the remainder when b is divided by (45/(-12))/(2/(-8))?
12
What is the remainder when (-14 - -20)*(-1)/(-2) + 52 is divided by 14?
13
Suppose -p - 7 = 3*n - 1, -5*p - 5*n = 0. Let a(z) = -2*z**p + 3 + 0*z**2 + 2*z + z + 3*z**2. Calculate the remainder when a(-2) is divided by 9.
7
Suppose 0 = 3*a + a - 72. Calculate the remainder when (-20)/(-80) - (-262)/8 is divided by a.
15
Let b = 45 - 24. Let h(g) be the second derivative of -g**5/20 + 7*g**4/12 + g**3/2 + 4*g**2 - 2*g. What is the remainder when h(6) is divided by b?
20
Suppose 5*r = 2 - 7. Let k = r + 18. Calculate the remainder when 33 is divided by k.
16
Suppose 5*w = q + q + 379, 221 = 3*w + 2*q. Suppose 13 = d - 6. Calculate the remainder when w is divided by d.
18
Let d = -26 + 36. Calculate the remainder when 39 is divided by d.
9
Suppose p - 88 = 5*t, 0*t = -2*t + 10. Calculate the remainder when p is divided by 29.
26
What is the remainder when 17 is divided by (-150)/(-24) + (-2)/8?
5
Let b = 29 - 24. Suppose -2*y + 4*t = -18, -24 + 0 = -4*y + 5*t. What is the remainder when 0 + y + 2*6 is divided by b?
3
Let d(l) = -l**2 - l + 27. Let q be d(0). Let h = -5 + q. What is the remainder when h is divided by 8?
6
Suppose 0 = 44*n - 45*n + 46. Let s = 1 - 1. Let d = 12 + s. What is the remainder when n is divided by d?
10
Suppose 2*y = -0*y + 3*l + 18, -l = 2*y - 18. Calculate the remainder when 44 is divided by y.
8
Let q = 90 - 55. Suppose -317 - 18 = -5*x. What is the remainder when x is divided by q?
32
Suppose 0 = -5*x + 63 - 3. What is the remainder when x is divided by 7?
5
Let b = -41 - -81. What is the remainder when b is divided by 14?
12
Suppose -3*h + 3*b = -0*b - 36, -3*b = 5*h - 92. Suppose 3*l = l + h. Suppose 4*g - t = 74 + 21, 0 = -t - 3. Calculate the remainder when g is divided by l.
7
Calculate the remainder when 18 is divided by 8 - (32/4)/(-4).
8
Suppose -102 = -4*s - 18. What is the remainder when 39 is divided by s?
18
Suppose 0 = -3*n - n + 100. Suppose -c = 2, h - 5*c = -0*h + 50. Let k = h - n. What is the remainder when k is divided by 8?
7
Let h = 272 - 146. Suppose 2*l = -2*t + 4*l + 60, 4*l - 168 = -5*t. Calculate the remainder when h is divided by t.
30
Let m = 21 + -2. Suppose 2*s + 2*g = 22, 3*s - 10 - m = -2*g. Suppose 5 = -5*t, -3*t = 5*f - t - 58. What is the remainder when f is divided by s?
5
Let j be 340/(4 + -2)*1. Suppose -5*l + j = -0*l. Calculate the remainder when l is divided by ((-16)/10)/(28/(-210)).
10
Let m(i) = i**2 + 4*i + 5. Let x(k) = -5*k**3 - k**2 - k - 1. Let s be x(-1). What is the remainder when m(s) is divided by 13?
11
Suppose a - 12 = 5*a. Let p(s) be the second derivative of 5*s**4/12 + s**3/2 + s**2 - 2*s. Calculate the remainder when p(a) is divided by 13.
12
Let m(y) = -y**2 + 1. Let w be m(-3). Let j = w - -15. Suppose -j*u + 152 =